{"id":194,"date":"2021-04-05T16:37:17","date_gmt":"2021-04-05T14:37:17","guid":{"rendered":"https:\/\/gemeinsam-kaempfen.de\/?page_id=194"},"modified":"2025-12-15T16:25:18","modified_gmt":"2025-12-15T15:25:18","slug":"kampagne-wir-wollen-uns-lebend","status":"publish","type":"page","link":"https:\/\/gemeinsam-kaempfen.de\/?page_id=194","title":{"rendered":"Kampagne &#8222;Wir wollen uns lebend&#8220;"},"content":{"rendered":"\n<h1 class=\"wp-block-heading\">Netzwerk gegen Feminizide<\/h1>\n\n\n\n<div class=\"wp-block-image\"><figure class=\"alignleft\"><img decoding=\"async\" src=\"http:\/\/gemeinsamkaempfen.blogsport.eu\/files\/2021\/01\/img_7005-300x200.jpg\" alt=\"\" class=\"wp-image-1304\"\/><\/figure><\/div>\n\n\n\n<p><br>Zusammen mit verschiedenen Kollektiven und selbstorganisierten Gruppen der feministischen Bewegung Berlins sind wir Teil des Netzwerks gegen Feminizide.<br>Unser Ansatz als Netzwerk ist internationalistisch, antirassistisch, antikolonial und klassenk\u00e4mpferisch gegen das Patriarchat. Unsere Herkunft und Identit\u00e4ten m\u00f6gen unterschiedlich sein, aber uns vereint das gemeinsame Streben nach einer Gesellschaft, die sich am Gemeinwohl statt an Profiten orientiert. Selbstorganisation ist unser Mittel, aber auch eines unserer vielf\u00e4ltigen Ziele.\u00a0 Wir haben uns f\u00fcr die Kampagne \u201eWir wollen uns lebend\u201c zusammengeschlossen, weil wir erkennen, dass Gewalt gegen Frauen, M\u00e4dchen und feminisierte K\u00f6rper eine globale Struktur hat, von der weder Deutschland noch Europa ausgenommen sind.<\/p>\n\n\n\n<div class=\"wp-block-image\"><figure class=\"aligncenter\"><img decoding=\"async\" src=\"http:\/\/gemeinsamkaempfen.blogsport.eu\/files\/2021\/01\/img_7098-300x200.jpg\" alt=\"\" class=\"wp-image-1305\"\/><\/figure><\/div>\n\n\n\n<p>Mehr information zum Netzwerk und unserer Kampagne findet ihr hier:<\/p>\n\n\n\n<figure class=\"wp-block-embed\"><div class=\"wp-block-embed__wrapper\">\nhttps:\/\/wirwollenunslebend.wixsite.com\/netzwerkggnfeminizid\n<\/div><\/figure>\n","protected":false},"excerpt":{"rendered":"<p>Netzwerk gegen Feminizide Zusammen mit verschiedenen Kollektiven und selbstorganisierten Gruppen der feministischen Bewegung Berlins sind wir Teil des Netzwerks gegen Feminizide.Unser Ansatz als Netzwerk ist internationalistisch, antirassistisch, antikolonial und klassenk\u00e4mpferisch gegen das Patriarchat. Unsere Herkunft und Identit\u00e4ten m\u00f6gen unterschiedlich sein, aber uns vereint das gemeinsame Streben nach einer Gesellschaft, die sich am Gemeinwohl statt an [&hellip;]<\/p>\n","protected":false},"author":1,"featured_media":0,"parent":0,"menu_order":0,"comment_status":"closed","ping_status":"closed","template":"","meta":{"om_disable_all_campaigns":false,"_monsterinsights_skip_tracking":false,"_monsterinsights_sitenote_active":false,"_monsterinsights_sitenote_note":"","_monsterinsights_sitenote_category":0,"footnotes":""},"class_list":["post-194","page","type-page","status-publish","hentry"],"aioseo_notices":[],"_links":{"self":[{"href":"https:\/\/gemeinsam-kaempfen.de\/index.php?rest_route=\/wp\/v2\/pages\/194","targetHints":{"allow":["GET"]}}],"collection":[{"href":"https:\/\/gemeinsam-kaempfen.de\/index.php?rest_route=\/wp\/v2\/pages"}],"about":[{"href":"https:\/\/gemeinsam-kaempfen.de\/index.php?rest_route=\/wp\/v2\/types\/page"}],"author":[{"embeddable":true,"href":"https:\/\/gemeinsam-kaempfen.de\/index.php?rest_route=\/wp\/v2\/users\/1"}],"replies":[{"embeddable":true,"href":"https:\/\/gemeinsam-kaempfen.de\/index.php?rest_route=%2Fwp%2Fv2%2Fcomments&post=194"}],"version-history":[{"count":1,"href":"https:\/\/gemeinsam-kaempfen.de\/index.php?rest_route=\/wp\/v2\/pages\/194\/revisions"}],"predecessor-version":[{"id":195,"href":"https:\/\/gemeinsam-kaempfen.de\/index.php?rest_route=\/wp\/v2\/pages\/194\/revisions\/195"}],"wp:attachment":[{"href":"https:\/\/gemeinsam-kaempfen.de\/index.php?rest_route=%2Fwp%2Fv2%2Fmedia&parent=194"}],"curies":[{"name":"wp","href":"https:\/\/api.w.org\/{rel}","templated":true}]}}

<h1 class="wp-block-heading">Netzwerk gegen Feminizide</h1>



<div class="wp-block-image"><figure class="alignleft"><img decoding="async" src="http://gemeinsamkaempfen.blogsport.eu/files/2021/01/img_7005-300x200.jpg" alt="" class="wp-image-1304"/></figure></div>



<p><br>Zusammen mit verschiedenen Kollektiven und selbstorganisierten Gruppen der feministischen Bewegung Berlins sind wir Teil des Netzwerks gegen Feminizide.<br>Unser Ansatz als Netzwerk ist internationalistisch, antirassistisch, antikolonial und klassenkämpferisch gegen das Patriarchat. Unsere Herkunft und Identitäten mögen unterschiedlich sein, aber uns vereint das gemeinsame Streben nach einer Gesellschaft, die sich am Gemeinwohl statt an Profiten orientiert. Selbstorganisation ist unser Mittel, aber auch eines unserer vielfältigen Ziele.  Wir haben uns für die Kampagne „Wir wollen uns lebend“ zusammengeschlossen, weil wir erkennen, dass Gewalt gegen Frauen, Mädchen und feminisierte Körper eine globale Struktur hat, von der weder Deutschland noch Europa ausgenommen sind.</p>



<div class="wp-block-image"><figure class="aligncenter"><img decoding="async" src="http://gemeinsamkaempfen.blogsport.eu/files/2021/01/img_7098-300x200.jpg" alt="" class="wp-image-1305"/></figure></div>



<p>Mehr information zum Netzwerk und unserer Kampagne findet ihr hier:</p>



<figure class="wp-block-embed"><div class="wp-block-embed__wrapper">
https://wirwollenunslebend.wixsite.com/netzwerkggnfeminizid
</div></figure>

<p>Netzwerk gegen Feminizide Zusammen mit verschiedenen Kollektiven und selbstorganisierten Gruppen der feministischen Bewegung Berlins sind wir Teil des Netzwerks gegen Feminizide.Unser Ansatz als Netzwerk ist internationalistisch, antirassistisch, antikolonial und klassenkämpferisch gegen das Patriarchat. Unsere Herkunft und Identitäten mögen unterschiedlich sein, aber uns vereint das gemeinsame Streben nach einer Gesellschaft, die sich am Gemeinwohl statt an [&hellip;]</p>
