{"id":42,"date":"2021-04-05T12:41:15","date_gmt":"2021-04-05T10:41:15","guid":{"rendered":"https:\/\/gemeinsam-kaempfen.de\/?page_id=42"},"modified":"2025-12-15T16:25:18","modified_gmt":"2025-12-15T15:25:18","slug":"material","status":"publish","type":"page","link":"https:\/\/gemeinsam-kaempfen.de\/?page_id=42","title":{"rendered":"Material"},"content":{"rendered":"\n<p><\/p>\n\n\n\n<p><\/p>\n\n\n\n<h3 class=\"wp-block-heading\">Brosch\u00fcre mit den Blogbeitr\u00e4gen der feministischen Delegation nach Nord- und Ostsyrien<\/h3>\n\n\n\n<div data-wp-interactive=\"core\/file\" class=\"wp-block-file\"><object data-wp-bind--hidden=\"!state.hasPdfPreview\" hidden class=\"wp-block-file__embed\" data=\"https:\/\/gemeinsam-kaempfen.de\/wp-content\/uploads\/2022\/08\/gk-cover2.pdf\" type=\"application\/pdf\" style=\"width:100%;height:600px\" aria-label=\"Einbettung von Einbettung von gk-cover2..\"><\/object><a id=\"wp-block-file--media-35588fef-2c33-46e1-a835-4495a41df2e4\" href=\"https:\/\/gemeinsam-kaempfen.de\/wp-content\/uploads\/2022\/08\/gk-cover2.pdf\">gk-cover2<\/a><a href=\"https:\/\/gemeinsam-kaempfen.de\/wp-content\/uploads\/2022\/08\/gk-cover2.pdf\" class=\"wp-block-file__button\" download aria-describedby=\"wp-block-file--media-35588fef-2c33-46e1-a835-4495a41df2e4\">Herunterladen<\/a><\/div>\n\n\n\n<div data-wp-interactive=\"core\/file\" class=\"wp-block-file\"><object data-wp-bind--hidden=\"!state.hasPdfPreview\" hidden class=\"wp-block-file__embed\" data=\"https:\/\/gemeinsam-kaempfen.de\/wp-content\/uploads\/2022\/08\/gk-broschuere_pagenumber-conv.pdf\" type=\"application\/pdf\" style=\"width:100%;height:600px\" aria-label=\"Einbettung von Einbettung von gk-broschuere_pagenumber-conv..\"><\/object><a id=\"wp-block-file--media-fb6aa3e8-54f6-4360-965d-3ca402c0ae48\" href=\"https:\/\/gemeinsam-kaempfen.de\/wp-content\/uploads\/2022\/08\/gk-broschuere_pagenumber-conv.pdf\">gk-broschuere_pagenumber-conv<\/a><a href=\"https:\/\/gemeinsam-kaempfen.de\/wp-content\/uploads\/2022\/08\/gk-broschuere_pagenumber-conv.pdf\" class=\"wp-block-file__button\" download aria-describedby=\"wp-block-file--media-fb6aa3e8-54f6-4360-965d-3ca402c0ae48\">Herunterladen<\/a><\/div>\n\n\n\n<h3 class=\"wp-block-heading\">Brosch\u00fcre zur Prozessbeobachtung des 129b-Verfahrens von Yildiz Akta\u015f<\/h3>\n\n\n\n<div data-wp-interactive=\"core\/file\" class=\"wp-block-file\"><object data-wp-bind--hidden=\"!state.hasPdfPreview\" hidden class=\"wp-block-file__embed\" data=\"https:\/\/gemeinsam-kaempfen.de\/wp-content\/uploads\/2022\/09\/Broschure_Text-Layout-FINAL.pdf\" type=\"application\/pdf\" style=\"width:100%;height:600px\" aria-label=\"Einbettung von Einbettung von Broschure_Text-Layout-FINAL..\"><\/object><a id=\"wp-block-file--media-695f2cdf-0203-4e3b-acf2-62f79909cb81\" href=\"https:\/\/gemeinsam-kaempfen.de\/wp-content\/uploads\/2022\/09\/Broschure_Text-Layout-FINAL.pdf\">Broschure_Text-Layout-FINAL<\/a><a href=\"https:\/\/gemeinsam-kaempfen.de\/wp-content\/uploads\/2022\/09\/Broschure_Text-Layout-FINAL.pdf\" class=\"wp-block-file__button\" download aria-describedby=\"wp-block-file--media-695f2cdf-0203-4e3b-acf2-62f79909cb81\">Herunterladen<\/a><\/div>\n","protected":false},"excerpt":{"rendered":"<p>Brosch\u00fcre mit den Blogbeitr\u00e4gen der feministischen Delegation nach Nord- und Ostsyrien Brosch\u00fcre zur Prozessbeobachtung des 129b-Verfahrens von Yildiz Akta\u015f<\/p>\n","protected":false},"author":1,"featured_media":0,"parent":0,"menu_order":0,"comment_status":"closed","ping_status":"closed","template":"","meta":{"om_disable_all_campaigns":false,"_monsterinsights_skip_tracking":false,"_monsterinsights_sitenote_active":false,"_monsterinsights_sitenote_note":"","_monsterinsights_sitenote_category":0,"footnotes":""},"class_list":["post-42","page","type-page","status-publish","hentry"],"aioseo_notices":[],"_links":{"self":[{"href":"https:\/\/gemeinsam-kaempfen.de\/index.php?rest_route=\/wp\/v2\/pages\/42","targetHints":{"allow":["GET"]}}],"collection":[{"href":"https:\/\/gemeinsam-kaempfen.de\/index.php?rest_route=\/wp\/v2\/pages"}],"about":[{"href":"https:\/\/gemeinsam-kaempfen.de\/index.php?rest_route=\/wp\/v2\/types\/page"}],"author":[{"embeddable":true,"href":"https:\/\/gemeinsam-kaempfen.de\/index.php?rest_route=\/wp\/v2\/users\/1"}],"replies":[{"embeddable":true,"href":"https:\/\/gemeinsam-kaempfen.de\/index.php?rest_route=%2Fwp%2Fv2%2Fcomments&post=42"}],"version-history":[{"count":3,"href":"https:\/\/gemeinsam-kaempfen.de\/index.php?rest_route=\/wp\/v2\/pages\/42\/revisions"}],"predecessor-version":[{"id":892,"href":"https:\/\/gemeinsam-kaempfen.de\/index.php?rest_route=\/wp\/v2\/pages\/42\/revisions\/892"}],"wp:attachment":[{"href":"https:\/\/gemeinsam-kaempfen.de\/index.php?rest_route=%2Fwp%2Fv2%2Fmedia&parent=42"}],"curies":[{"name":"wp","href":"https:\/\/api.w.org\/{rel}","templated":true}]}}