{"id":593,"date":"2022-07-26T09:12:32","date_gmt":"2022-07-26T07:12:32","guid":{"rendered":"https:\/\/gemeinsam-kaempfen.de\/?page_id=593"},"modified":"2025-12-15T16:25:17","modified_gmt":"2025-12-15T15:25:17","slug":"freiheit-fuer-yildiz","status":"publish","type":"page","link":"https:\/\/gemeinsam-kaempfen.de\/?page_id=593","title":{"rendered":"Freiheit f\u00fcr Yildiz"},"content":{"rendered":"\n<p>Von Oktober 2019 bis Februar 2020 haben wir in Berlin den Gerichtsprozess von Yildiz Akta\u015f einer kurdischen und feministischen Aktivistin solidarisch begleitet. Angeklagt wurde Yildiz Akta\u015f wegen Mitgliedschaft einer terroristischen Vereinigung im Ausland (PKK). Im Februar 2020 endete der Prozess dann mit einer Haftstrafe auf Bew\u00e4hrung.<br>Uns war es wichtig im Gerichtssaal eine feministische und solidarische Pr\u00e4senz zu schaffen, die die politischen Inhalte auf die Stra\u00dfe und in eine linke mediale \u00d6ffentlichkeit tr\u00e4gt und dabei deutlich macht vor welchem Hintergrund dieser Prozess stattfindet. In einer Brosch\u00fcre haben wir unsere Erfahrungen zusammengetragen. <br>Dort finden sich sowohl Texte \u00fcber die kurdische Frauenbewegung, das PKK-Verbot, die \u00a7129 a\/ b, wie auch  eflexionen zu einer solidarischen Prozessbegleitung, unsere Ziele, Rolle als Kampagne und Konfliktlinien darin.<\/p>\n\n\n\n<p><br>Wir danken Yildiz f\u00fcr ihr Vertrauen! Wir haben von ihr \u2013 einer starken, herzlichen und wunderbaren Frau in dieser Zeit sehr viel gelernt<\/p>\n\n\n\n<p><\/p>\n\n\n\n<p>Die Brosch\u00fcre k\u00f6nnt ihr bei uns (per Mails) bestellen und findet es hier als PDF:<\/p>\n\n\n\n<p><\/p>\n\n\n\n<p><\/p>\n\n\n\n<h2 class=\"wp-block-heading\">Weitere Links<\/h2>\n\n\n\n<p><\/p>\n\n\n\n<h3 class=\"wp-block-heading\">Radiointerviews mit der Prozessbegleitungsgruppe:<\/h3>\n\n\n\n<p><\/p>\n\n\n\n<p><blockquote class=\"wp-embedded-content\" data-secret=\"3aWy09TgKq\"><a href=\"https:\/\/radiocorax.de\/freiheit-fuer-yildiz-aktas\/\">Freiheit f\u00fcr Yildiz Akta\u015f<\/a><\/blockquote><iframe class=\"wp-embedded-content\" sandbox=\"allow-scripts\" security=\"restricted\" style=\"position: absolute; visibility: hidden;\" title=\"&#8222;Freiheit f\u00fcr Yildiz Akta\u015f&#8220; &#8212; Radio CORAX\" src=\"https:\/\/radiocorax.de\/freiheit-fuer-yildiz-aktas\/embed\/#?secret=MgeV17fzdm#?secret=3aWy09TgKq\" data-secret=\"3aWy09TgKq\" width=\"600\" height=\"338\" frameborder=\"0\" marginwidth=\"0\" marginheight=\"0\" scrolling=\"no\"><\/iframe><\/p>\n\n\n\n<p><br>https:\/\/rdl.de\/beitrag\/kurdische-feministin-yildiz-akta-berlin-zu-2-jahren-haft-auf-bew-hrung-<br>verurteilt<\/p>\n\n\n\n<p><\/p>\n\n\n\n<p><\/p>\n\n\n\n<h3 class=\"wp-block-heading\">Artikel:<\/h3>\n\n\n\n<p><\/p>\n\n\n\n<p>https:\/\/political-prisoners.net\/kammergericht-berlin-eroeffnung-des-%C2%A7-129b-prozesses-<br>gegen-yildiz-aktas\/10280\/<br><\/p>\n\n\n\n<p>https:\/\/www.gefangenen.info\/2544\/ein-lebenslanger-kampf-gegen-patriarchat-und-repression-pkk-<br>prozess-gegen-die-kurdische-feministin-yildiz-aktas\/<br><\/p>\n\n\n\n<p>https:\/\/www.nd-aktuell.de\/artikel\/1129297.yildiz-akta%C5%9F-gesinnungsprozess-gegen-<br>kurdische-feministin.html<br><\/p>\n\n\n\n<p>https:\/\/lowerclassmag.com\/2019\/11\/12\/beihilfe-zu-erdogans-krieg-terrorverfahren-gegen-kurdin-in-<br>berlin-eroeffnet\/<br><\/p>\n\n\n\n<p>https:\/\/www.klassegegenklasse.org\/video-solidaritaet-mit-yildiz-aktas\/<br><\/p>\n\n\n\n<p>http:\/\/grundundmenschenrechtsblog.de\/urteil-im-prozess-gegen-yildiz-aktas-politische-verfolgung-<br>im-namen-erdogans\/<br><\/p>\n\n\n\n<p>https:\/\/de.indymedia.org\/node\/71469<br><\/p>\n\n\n\n<p>https:\/\/www.berliner-zeitung.de\/politik-gesellschaft\/zugehoerigkeit-zur-pkk-bewaehrungsstrafe-<br>fuer-yildiz-akta-li.77118<br><\/p>\n\n\n\n<p>https:\/\/www.akweb.de\/bewegung\/gespielte-empathie\/<br><\/p>\n\n\n\n<h3 class=\"wp-block-heading\">Videos:<\/h3>\n\n\n\n<p><br>https:\/\/www.youtube.com\/watch?v=oVuDBcPGVJs<a href=\"https:\/\/radiocorax.de\/freiheit-fuer-yildiz-aktas\/\"><\/a><a href=\"https:\/\/www.youtube.com\/watch?v=oVuDBcPGVJs\"><\/a><a href=\"https:\/\/www.akweb.de\/bewegung\/gespielte-empathie\/\"><\/a><a href=\"https:\/\/www.berliner-zeitung.de\/politik-gesellschaft\/zugehoerigkeit-zur-pkk-bewaehrungsstrafe-fuer-yildiz-akta-li.77118\"><\/a><a href=\"https:\/\/www.berliner-zeitung.de\/politik-gesellschaft\/zugehoerigkeit-zur-pkk-bewaehrungsstrafe-fuer-yildiz-akta-li.77118\"><\/a><a href=\"https:\/\/de.indymedia.org\/node\/71469\"><\/a><a href=\"http:\/\/grundundmenschenrechtsblog.de\/urteil-im-prozess-gegen-yildiz-aktas-politische-verfolgung-im-namen-erdogans\/\"><\/a><a href=\"http:\/\/grundundmenschenrechtsblog.de\/urteil-im-prozess-gegen-yildiz-aktas-politische-verfolgung-im-namen-erdogans\/\"><\/a><a href=\"https:\/\/www.klassegegenklasse.org\/video-solidaritaet-mit-yildiz-aktas\/\"><\/a><a href=\"https:\/\/lowerclassmag.com\/2019\/11\/12\/beihilfe-zu-erdogans-krieg-terrorverfahren-gegen-kurdin-in-berlin-eroeffnet\/\"><\/a><a href=\"https:\/\/lowerclassmag.com\/2019\/11\/12\/beihilfe-zu-erdogans-krieg-terrorverfahren-gegen-kurdin-in-berlin-eroeffnet\/\"><\/a><a href=\"https:\/\/www.nd-aktuell.de\/artikel\/1129297.yildiz-akta%C5%9F-gesinnungsprozess-gegen-kurdische-feministin.html\"><\/a><a href=\"https:\/\/www.nd-aktuell.de\/artikel\/1129297.yildiz-akta%C5%9F-gesinnungsprozess-gegen-kurdische-feministin.html\"><\/a><a href=\"https:\/\/www.gefangenen.info\/2544\/ein-lebenslanger-kampf-gegen-patriarchat-und-repression-pkk-prozess-gegen-die-kurdische-feministin-yildiz-aktas\/\"><\/a><a href=\"https:\/\/www.gefangenen.info\/2544\/ein-lebenslanger-kampf-gegen-patriarchat-und-repression-pkk-prozess-gegen-die-kurdische-feministin-yildiz-aktas\/\"><\/a><a href=\"https:\/\/political-prisoners.net\/kammergericht-berlin-eroeffnung-des-%C2%A7-129b-prozesses-gegen-yildiz-aktas\/10280\/\"><\/a><a href=\"https:\/\/political-prisoners.net\/kammergericht-berlin-eroeffnung-des-%C2%A7-129b-prozesses-gegen-yildiz-aktas\/10280\/\"><\/a><a href=\"https:\/\/rdl.de\/beitrag\/kurdische-feministin-yildiz-akta-berlin-zu-2-jahren-haft-auf-bew-hrung-verurteilt\"><\/a><a href=\"https:\/\/rdl.de\/beitrag\/kurdische-feministin-yildiz-akta-berlin-zu-2-jahren-haft-auf-bew-hrung-verurteilt\"><\/a><\/p>\n","protected":false},"excerpt":{"rendered":"<p>Von Oktober 2019 bis Februar 2020 haben wir in Berlin den Gerichtsprozess von Yildiz Akta\u015f einer kurdischen und feministischen Aktivistin solidarisch begleitet. Angeklagt wurde Yildiz Akta\u015f wegen Mitgliedschaft einer terroristischen Vereinigung im Ausland (PKK). Im Februar 2020 endete der Prozess dann mit einer Haftstrafe auf Bew\u00e4hrung.Uns war es wichtig im Gerichtssaal eine feministische und solidarische [&hellip;]<\/p>\n","protected":false},"author":1,"featured_media":0,"parent":0,"menu_order":0,"comment_status":"closed","ping_status":"closed","template":"","meta":{"om_disable_all_campaigns":false,"_monsterinsights_skip_tracking":false,"_monsterinsights_sitenote_active":false,"_monsterinsights_sitenote_note":"","_monsterinsights_sitenote_category":0,"footnotes":""},"class_list":["post-593","page","type-page","status-publish","hentry"],"aioseo_notices":[],"_links":{"self":[{"href":"https:\/\/gemeinsam-kaempfen.de\/index.php?rest_route=\/wp\/v2\/pages\/593","targetHints":{"allow":["GET"]}}],"collection":[{"href":"https:\/\/gemeinsam-kaempfen.de\/index.php?rest_route=\/wp\/v2\/pages"}],"about":[{"href":"https:\/\/gemeinsam-kaempfen.de\/index.php?rest_route=\/wp\/v2\/types\/page"}],"author":[{"embeddable":true,"href":"https:\/\/gemeinsam-kaempfen.de\/index.php?rest_route=\/wp\/v2\/users\/1"}],"replies":[{"embeddable":true,"href":"https:\/\/gemeinsam-kaempfen.de\/index.php?rest_route=%2Fwp%2Fv2%2Fcomments&post=593"}],"version-history":[{"count":5,"href":"https:\/\/gemeinsam-kaempfen.de\/index.php?rest_route=\/wp\/v2\/pages\/593\/revisions"}],"predecessor-version":[{"id":629,"href":"https:\/\/gemeinsam-kaempfen.de\/index.php?rest_route=\/wp\/v2\/pages\/593\/revisions\/629"}],"wp:attachment":[{"href":"https:\/\/gemeinsam-kaempfen.de\/index.php?rest_route=%2Fwp%2Fv2%2Fmedia&parent=593"}],"curies":[{"name":"wp","href":"https:\/\/api.w.org\/{rel}","templated":true}]}}

Freiheit für Yildiz

<p>Von Oktober 2019 bis Februar 2020 haben wir in Berlin den Gerichtsprozess von Yildiz Aktaş einer kurdischen und feministischen Aktivistin solidarisch begleitet. Angeklagt wurde Yildiz Aktaş wegen Mitgliedschaft einer terroristischen Vereinigung im Ausland (PKK). Im Februar 2020 endete der Prozess dann mit einer Haftstrafe auf Bewährung.<br>Uns war es wichtig im Gerichtssaal eine feministische und solidarische Präsenz zu schaffen, die die politischen Inhalte auf die Straße und in eine linke mediale Öffentlichkeit trägt und dabei deutlich macht vor welchem Hintergrund dieser Prozess stattfindet. In einer Broschüre haben wir unsere Erfahrungen zusammengetragen. <br>Dort finden sich sowohl Texte über die kurdische Frauenbewegung, das PKK-Verbot, die §129 a/ b, wie auch  eflexionen zu einer solidarischen Prozessbegleitung, unsere Ziele, Rolle als Kampagne und Konfliktlinien darin.</p>



<p><br>Wir danken Yildiz für ihr Vertrauen! Wir haben von ihr – einer starken, herzlichen und wunderbaren Frau in dieser Zeit sehr viel gelernt</p>



<p></p>



<p>Die Broschüre könnt ihr bei uns (per Mails) bestellen und findet es hier als PDF:</p>



<p></p>



<p></p>



<h2 class="wp-block-heading">Weitere Links</h2>



<p></p>



<h3 class="wp-block-heading">Radiointerviews mit der Prozessbegleitungsgruppe:</h3>



<p></p>



<p><blockquote class="wp-embedded-content" data-secret="3aWy09TgKq"><a href="https://radiocorax.de/freiheit-fuer-yildiz-aktas/">Freiheit für Yildiz Aktaş</a></blockquote><iframe class="wp-embedded-content" sandbox="allow-scripts" security="restricted" style="position: absolute; visibility: hidden;" title="&#8222;Freiheit für Yildiz Aktaş&#8220; &#8212; Radio CORAX" src="https://radiocorax.de/freiheit-fuer-yildiz-aktas/embed/#?secret=MgeV17fzdm#?secret=3aWy09TgKq" data-secret="3aWy09TgKq" width="600" height="338" frameborder="0" marginwidth="0" marginheight="0" scrolling="no"></iframe></p>



<p><br>https://rdl.de/beitrag/kurdische-feministin-yildiz-akta-berlin-zu-2-jahren-haft-auf-bew-hrung-<br>verurteilt</p>



<p></p>



<p></p>



<h3 class="wp-block-heading">Artikel:</h3>



<p></p>



<p>https://political-prisoners.net/kammergericht-berlin-eroeffnung-des-%C2%A7-129b-prozesses-<br>gegen-yildiz-aktas/10280/<br></p>



<p>https://www.gefangenen.info/2544/ein-lebenslanger-kampf-gegen-patriarchat-und-repression-pkk-<br>prozess-gegen-die-kurdische-feministin-yildiz-aktas/<br></p>



<p>https://www.nd-aktuell.de/artikel/1129297.yildiz-akta%C5%9F-gesinnungsprozess-gegen-<br>kurdische-feministin.html<br></p>



<p>https://lowerclassmag.com/2019/11/12/beihilfe-zu-erdogans-krieg-terrorverfahren-gegen-kurdin-in-<br>berlin-eroeffnet/<br></p>



<p>https://www.klassegegenklasse.org/video-solidaritaet-mit-yildiz-aktas/<br></p>



<p>http://grundundmenschenrechtsblog.de/urteil-im-prozess-gegen-yildiz-aktas-politische-verfolgung-<br>im-namen-erdogans/<br></p>



<p>https://de.indymedia.org/node/71469<br></p>



<p>https://www.berliner-zeitung.de/politik-gesellschaft/zugehoerigkeit-zur-pkk-bewaehrungsstrafe-<br>fuer-yildiz-akta-li.77118<br></p>



<p>https://www.akweb.de/bewegung/gespielte-empathie/<br></p>



<h3 class="wp-block-heading">Videos:</h3>



<p><br>https://www.youtube.com/watch?v=oVuDBcPGVJs<a href="https://radiocorax.de/freiheit-fuer-yildiz-aktas/"></a><a href="https://www.youtube.com/watch?v=oVuDBcPGVJs"></a><a href="https://www.akweb.de/bewegung/gespielte-empathie/"></a><a href="https://www.berliner-zeitung.de/politik-gesellschaft/zugehoerigkeit-zur-pkk-bewaehrungsstrafe-fuer-yildiz-akta-li.77118"></a><a href="https://www.berliner-zeitung.de/politik-gesellschaft/zugehoerigkeit-zur-pkk-bewaehrungsstrafe-fuer-yildiz-akta-li.77118"></a><a href="https://de.indymedia.org/node/71469"></a><a href="http://grundundmenschenrechtsblog.de/urteil-im-prozess-gegen-yildiz-aktas-politische-verfolgung-im-namen-erdogans/"></a><a href="http://grundundmenschenrechtsblog.de/urteil-im-prozess-gegen-yildiz-aktas-politische-verfolgung-im-namen-erdogans/"></a><a href="https://www.klassegegenklasse.org/video-solidaritaet-mit-yildiz-aktas/"></a><a href="https://lowerclassmag.com/2019/11/12/beihilfe-zu-erdogans-krieg-terrorverfahren-gegen-kurdin-in-berlin-eroeffnet/"></a><a href="https://lowerclassmag.com/2019/11/12/beihilfe-zu-erdogans-krieg-terrorverfahren-gegen-kurdin-in-berlin-eroeffnet/"></a><a href="https://www.nd-aktuell.de/artikel/1129297.yildiz-akta%C5%9F-gesinnungsprozess-gegen-kurdische-feministin.html"></a><a href="https://www.nd-aktuell.de/artikel/1129297.yildiz-akta%C5%9F-gesinnungsprozess-gegen-kurdische-feministin.html"></a><a href="https://www.gefangenen.info/2544/ein-lebenslanger-kampf-gegen-patriarchat-und-repression-pkk-prozess-gegen-die-kurdische-feministin-yildiz-aktas/"></a><a href="https://www.gefangenen.info/2544/ein-lebenslanger-kampf-gegen-patriarchat-und-repression-pkk-prozess-gegen-die-kurdische-feministin-yildiz-aktas/"></a><a href="https://political-prisoners.net/kammergericht-berlin-eroeffnung-des-%C2%A7-129b-prozesses-gegen-yildiz-aktas/10280/"></a><a href="https://political-prisoners.net/kammergericht-berlin-eroeffnung-des-%C2%A7-129b-prozesses-gegen-yildiz-aktas/10280/"></a><a href="https://rdl.de/beitrag/kurdische-feministin-yildiz-akta-berlin-zu-2-jahren-haft-auf-bew-hrung-verurteilt"></a><a href="https://rdl.de/beitrag/kurdische-feministin-yildiz-akta-berlin-zu-2-jahren-haft-auf-bew-hrung-verurteilt"></a></p>

<p>Von Oktober 2019 bis Februar 2020 haben wir in Berlin den Gerichtsprozess von Yildiz Aktaş einer kurdischen und feministischen Aktivistin solidarisch begleitet. Angeklagt wurde Yildiz Aktaş wegen Mitgliedschaft einer terroristischen Vereinigung im Ausland (PKK). Im Februar 2020 endete der Prozess dann mit einer Haftstrafe auf Bewährung.Uns war es wichtig im Gerichtssaal eine feministische und solidarische [&hellip;]</p>
